{"id":8,"date":"2022-10-10T17:05:40","date_gmt":"2022-10-10T17:05:40","guid":{"rendered":"https:\/\/kineosteo-stlys.com\/?page_id=8"},"modified":"2025-12-14T14:09:06","modified_gmt":"2025-12-14T14:09:06","slug":"cabinet","status":"publish","type":"page","link":"https:\/\/kineosteo-stlys.com\/","title":{"rendered":"Accueil"},"content":{"rendered":"\n<div class=\"wp-block-cover alignfull is-light has-parallax\" style=\"background-image:url(https:\/\/kineosteo-stlys.com\/wp-content\/uploads\/2023\/06\/IMG_2332-1-1-scaled.jpeg);min-height:700px\"><span aria-hidden=\"true\" class=\"wp-block-cover__background has-background-dim-0 has-background-dim\"><\/span><div class=\"wp-block-cover__inner-container\">\n<p><\/p>\n\n\n\n<p><\/p>\n\n\n\n<p><\/p>\n\n\n\n<p><\/p>\n\n\n\n<p><\/p>\n\n\n\n<p><\/p>\n\n\n\n<p><\/p>\n\n\n\n<p class=\"has-nv-site-bg-color has-text-color\"><\/p>\n<\/div><\/div>\n\n\n\n<div style=\"height:80px\" aria-hidden=\"true\" class=\"wp-block-spacer\"><\/div>\n\n\n\n<h1 class=\"has-text-align-center has-neve-link-color-color has-text-color\" style=\"font-size:49px\">Cabinet de Kin\u00e9sith\u00e9rapie et Ost\u00e9opathie <\/h1>\n\n\n\n<p class=\"has-text-align-center\">Arnaud, Paul et Victor vous accueillent au cabinet du lundi au vendredi de 8h \u00e0 12h30 et de 13h30 \u00e0 19h30<\/p>\n\n\n\n<p class=\"has-text-align-center has-nv-c-1-color has-text-color\">Prise de RDV par t\u00e9l\u00e9phone au <strong>05 62 14 17 62<\/strong><\/p>\n\n\n\n<div style=\"height:80px\" aria-hidden=\"true\" class=\"wp-block-spacer\"><\/div>\n\n\n\n<div class=\"wp-block-cover alignfull\" style=\"min-height:420px\"><span aria-hidden=\"true\" class=\"wp-block-cover__background has-nv-light-bg-background-color has-background-dim-100 has-background-dim\"><\/span><div class=\"wp-block-cover__inner-container\">\n<div style=\"height:80px\" aria-hidden=\"true\" class=\"wp-block-spacer\"><\/div>\n\n\n\n<h2 class=\"has-nv-c-1-color has-text-color\">L&#8217;\u00e9quipe<\/h2>\n\n\n\n<div class=\"wp-container-4 wp-block-columns\">\n<div class=\"wp-container-1 wp-block-column\">\n<p class=\"has-text-align-left has-neve-link-color-color has-text-color\" style=\"font-size:18px\"><strong>Arnaud GRABOT-GUICHOT<\/strong><\/p>\n\n\n\n<p class=\"has-neve-link-color-color has-text-color\" style=\"font-size:15px\">Masseur-kin\u00e9sith\u00e9rapeute D.E.<\/p>\n\n\n\n<p class=\"has-neve-link-color-color has-text-color\" style=\"font-size:15px\">Ost\u00e9opathe D.E.<\/p>\n\n\n\n<div style=\"height:20px\" aria-hidden=\"true\" class=\"wp-block-spacer\"><\/div>\n<\/div>\n\n\n\n<div class=\"wp-container-2 wp-block-column\">\n<p class=\"has-text-align-left has-neve-link-color-color has-text-color\" style=\"font-size:18px\"><strong>Paul ORGERIE<\/strong><\/p>\n\n\n\n<p class=\"has-neve-link-color-color has-text-color\" style=\"font-size:15px\">Masseur-kin\u00e9sith\u00e9rapeute D.E.<\/p>\n\n\n\n<p class=\"has-neve-link-color-color has-text-color\" style=\"font-size:15px\">Ost\u00e9opathe D.E.<\/p>\n\n\n\n<div style=\"height:20px\" aria-hidden=\"true\" class=\"wp-block-spacer\"><\/div>\n<\/div>\n\n\n\n<div class=\"wp-container-3 wp-block-column\">\n<p class=\"has-text-align-left has-neve-link-color-color has-text-color\" style=\"font-size:18px\"><strong>Victor MONNIER<\/strong><\/p>\n\n\n\n<p class=\"has-neve-text-color-color has-text-color\" style=\"font-size:15px\">Masseur-Kin\u00e9sith\u00e9rapeute<\/p>\n\n\n\n<div style=\"height:20px\" aria-hidden=\"true\" class=\"wp-block-spacer\"><\/div>\n<\/div>\n<\/div>\n\n\n\n<div class=\"wp-container-5 is-content-justification-center wp-block-buttons\">\n<div class=\"wp-block-button is-style-primary\"><a class=\"wp-block-button__link\" href=\"https:\/\/kineosteo-stlys.com\/index.php\/soins\/\">Les soins propos\u00e9s<\/a><\/div>\n<\/div>\n\n\n\n<div style=\"height:80px\" aria-hidden=\"true\" class=\"wp-block-spacer\"><\/div>\n<\/div><\/div>\n\n\n\n<div class=\"wp-container-6 wp-block-group\"><div class=\"wp-block-group__inner-container\">\n<div style=\"height:80px\" aria-hidden=\"true\" class=\"wp-block-spacer\"><\/div>\n<\/div><\/div>\n\n\n\n<div class=\"wp-block-cover alignfull\" style=\"min-height:700px\"><span aria-hidden=\"true\" class=\"wp-block-cover__background has-nv-site-bg-background-color has-background-dim-100 has-background-dim\"><\/span><div class=\"wp-block-cover__inner-container\">\n<div class=\"wp-container-14 wp-block-group\"><div class=\"wp-block-group__inner-container\">\n<h2 class=\"has-nv-c-1-color has-text-color\">Les cabines de soin<\/h2>\n\n\n\n<figure class=\"wp-container-8 wp-block-gallery-7 wp-block-gallery has-nested-images columns-default is-cropped\">\n<figure class=\"wp-block-image size-large is-style-default\"><img loading=\"lazy\" width=\"1024\" height=\"693\" src=\"https:\/\/kineosteo-stlys.com\/wp-content\/uploads\/2023\/06\/IMG_2366-1-1024x693.jpeg\" alt=\"\" class=\"wp-image-174\" srcset=\"https:\/\/kineosteo-stlys.com\/wp-content\/uploads\/2023\/06\/IMG_2366-1-1024x693.jpeg 1024w, https:\/\/kineosteo-stlys.com\/wp-content\/uploads\/2023\/06\/IMG_2366-1-300x203.jpeg 300w, https:\/\/kineosteo-stlys.com\/wp-content\/uploads\/2023\/06\/IMG_2366-1-768x520.jpeg 768w, https:\/\/kineosteo-stlys.com\/wp-content\/uploads\/2023\/06\/IMG_2366-1-1536x1040.jpeg 1536w, https:\/\/kineosteo-stlys.com\/wp-content\/uploads\/2023\/06\/IMG_2366-1-2048x1386.jpeg 2048w\" sizes=\"(max-width: 1024px) 100vw, 1024px\" \/><\/figure>\n<\/figure>\n\n\n\n<div style=\"height:50px\" aria-hidden=\"true\" class=\"wp-block-spacer\"><\/div>\n\n\n\n<div class=\"wp-container-13 wp-block-group\"><div class=\"wp-block-group__inner-container\">\n<div class=\"wp-container-12 wp-block-columns\">\n<div class=\"wp-container-9 wp-block-column\">\n<h4 class=\"has-neve-link-color-color has-text-color\">Respect &amp; intimit\u00e9<\/h4>\n\n\n\n<p class=\"has-neve-link-color-color has-text-color\">Individuelles et ferm\u00e9es pour une prise en charge dans le respect de votre intimit\u00e9. <\/p>\n\n\n\n<div style=\"height:30px\" aria-hidden=\"true\" class=\"wp-block-spacer\"><\/div>\n<\/div>\n\n\n\n<div class=\"wp-container-10 wp-block-column\">\n<h4 class=\"has-neve-link-color-color has-text-color\">Accompagnement &amp; enfants<\/h4>\n\n\n\n<p class=\"has-neve-link-color-color has-text-color\">Les enfants et adolescents peuvent \u00eatre accompagn\u00e9s d&#8217;un de leurs parents.<\/p>\n\n\n\n<div style=\"height:30px\" aria-hidden=\"true\" class=\"wp-block-spacer\"><\/div>\n<\/div>\n\n\n\n<div class=\"wp-container-11 wp-block-column\">\n<h4 class=\"has-neve-text-color-color has-text-color\">Hygi\u00e8ne &amp; \u00e9cologie<\/h4>\n\n\n\n<p class=\"has-neve-link-color-color has-text-color\">Le cabinet essaie de r\u00e9duire les d\u00e9chets papier. Merci d&#8217;apporter votre <strong>serviette<\/strong>.<\/p>\n\n\n\n<div style=\"height:30px\" aria-hidden=\"true\" class=\"wp-block-spacer\"><\/div>\n<\/div>\n<\/div>\n<\/div><\/div>\n\n\n\n<div style=\"height:20px\" aria-hidden=\"true\" class=\"wp-block-spacer\"><\/div>\n<\/div><\/div>\n<\/div><\/div>\n\n\n\n<h2 class=\"has-nv-c-1-color has-text-color\">Le plateau de r\u00e9\u00e9ducation<\/h2>\n\n\n\n<div class=\"wp-block-cover alignfull is-light\" style=\"min-height:600px\"><span aria-hidden=\"true\" class=\"wp-block-cover__background has-background-dim-0 has-background-dim\"><\/span><img loading=\"lazy\" width=\"2560\" height=\"1049\" class=\"wp-block-cover__image-background wp-image-176\" alt=\"\" src=\"https:\/\/kineosteo-stlys.com\/wp-content\/uploads\/2023\/06\/IMG_2351-1-1-scaled.jpeg\" data-object-fit=\"cover\" srcset=\"https:\/\/kineosteo-stlys.com\/wp-content\/uploads\/2023\/06\/IMG_2351-1-1-scaled.jpeg 2560w, https:\/\/kineosteo-stlys.com\/wp-content\/uploads\/2023\/06\/IMG_2351-1-1-300x123.jpeg 300w, https:\/\/kineosteo-stlys.com\/wp-content\/uploads\/2023\/06\/IMG_2351-1-1-1024x420.jpeg 1024w, https:\/\/kineosteo-stlys.com\/wp-content\/uploads\/2023\/06\/IMG_2351-1-1-768x315.jpeg 768w, https:\/\/kineosteo-stlys.com\/wp-content\/uploads\/2023\/06\/IMG_2351-1-1-1536x629.jpeg 1536w, https:\/\/kineosteo-stlys.com\/wp-content\/uploads\/2023\/06\/IMG_2351-1-1-2048x839.jpeg 2048w\" sizes=\"(max-width: 2560px) 100vw, 2560px\" \/><div class=\"wp-block-cover__inner-container\">\n<div class=\"wp-container-15 wp-block-group\"><div class=\"wp-block-group__inner-container\"><\/div><\/div>\n<\/div><\/div>\n\n\n\n<p class=\"has-text-align-center has-nv-site-bg-background-color has-background\">Plateau lumineux et bien \u00e9quip\u00e9<\/p>\n\n\n\n<div style=\"height:40px\" aria-hidden=\"true\" class=\"wp-block-spacer\"><\/div>\n\n\n\n<div class=\"wp-block-cover alignfull\" style=\"min-height:600px\"><span aria-hidden=\"true\" class=\"wp-block-cover__background has-nv-site-bg-background-color has-background-dim-100 has-background-dim\"><\/span><div class=\"wp-block-cover__inner-container\">\n<div class=\"wp-container-24 wp-block-group\"><div class=\"wp-block-group__inner-container\">\n<div style=\"height:80px\" aria-hidden=\"true\" class=\"wp-block-spacer\"><\/div>\n\n\n\n<div class=\"wp-container-23 wp-block-columns are-vertically-aligned-center has-nv-light-bg-background-color has-background\">\n<div class=\"wp-container-17 wp-block-column is-vertically-aligned-center\" style=\"flex-basis:50%\">\n<h2 class=\"has-text-align-left has-neve-text-color-color has-text-color\">Accessibilit\u00e9 <\/h2>\n\n\n\n<p class=\"has-text-align-left has-neve-text-color-color has-text-color\" style=\"font-size:17px\">Facile d&#8217;acc\u00e8s en transports en commun ou en voiture, le cabinet dispose d&#8217;un parking d\u00e9di\u00e9 aux patients.<\/p>\n\n\n\n<p class=\"has-neve-link-color-color has-text-color\">Son am\u00e9nagement facilite l&#8217;acc\u00e8s aux personnes \u00e0 mobilit\u00e9 r\u00e9duite.<\/p>\n\n\n\n<div class=\"wp-container-16 is-content-justification-left wp-block-buttons\">\n<div class=\"wp-block-button is-style-secondary\"><a class=\"wp-block-button__link\" href=\"https:\/\/kineosteo-stlys.com\/index.php\/contact\/\">Venir au cabinet<\/a><\/div>\n<\/div>\n\n\n\n<div style=\"height:40px\" aria-hidden=\"true\" class=\"wp-block-spacer\"><\/div>\n<\/div>\n\n\n\n<div class=\"wp-container-22 wp-block-column is-vertically-aligned-center\" style=\"flex-basis:50%\">\n<div class=\"wp-container-21 wp-block-columns\">\n<div class=\"wp-container-20 wp-block-column\" style=\"flex-basis:100%\">\n<div class=\"wp-container-19 wp-block-columns\">\n<div class=\"wp-container-18 wp-block-column\" style=\"flex-basis:100%\">\n<figure class=\"wp-block-image size-large\"><img loading=\"lazy\" width=\"809\" height=\"1024\" src=\"https:\/\/kineosteo-stlys.com\/wp-content\/uploads\/2023\/06\/IMG_2335-1-1-809x1024.jpeg\" alt=\"\" class=\"wp-image-205\" srcset=\"https:\/\/kineosteo-stlys.com\/wp-content\/uploads\/2023\/06\/IMG_2335-1-1-809x1024.jpeg 809w, https:\/\/kineosteo-stlys.com\/wp-content\/uploads\/2023\/06\/IMG_2335-1-1-237x300.jpeg 237w, https:\/\/kineosteo-stlys.com\/wp-content\/uploads\/2023\/06\/IMG_2335-1-1-768x972.jpeg 768w, https:\/\/kineosteo-stlys.com\/wp-content\/uploads\/2023\/06\/IMG_2335-1-1-1213x1536.jpeg 1213w, https:\/\/kineosteo-stlys.com\/wp-content\/uploads\/2023\/06\/IMG_2335-1-1-1618x2048.jpeg 1618w, https:\/\/kineosteo-stlys.com\/wp-content\/uploads\/2023\/06\/IMG_2335-1-1-scaled.jpeg 2022w\" sizes=\"(max-width: 809px) 100vw, 809px\" \/><\/figure>\n<\/div>\n<\/div>\n<\/div>\n<\/div>\n<\/div>\n<\/div>\n\n\n\n<div style=\"height:50px\" aria-hidden=\"true\" class=\"wp-block-spacer\"><\/div>\n\n\n\n<div style=\"height:40px\" aria-hidden=\"true\" class=\"wp-block-spacer\"><\/div>\n<\/div><\/div>\n<\/div><\/div>\n\n\n\n<div class=\"wp-block-cover alignfull\" style=\"min-height:300px\"><span aria-hidden=\"true\" class=\"wp-block-cover__background has-nv-dark-bg-background-color has-background-dim-100 has-background-dim\"><\/span><div class=\"wp-block-cover__inner-container\">\n<div style=\"height:5px\" aria-hidden=\"true\" class=\"wp-block-spacer\"><\/div>\n\n\n\n<div class=\"wp-container-25 is-content-justification-center wp-block-buttons\">\n<div class=\"wp-block-button is-style-primary\"><a class=\"wp-block-button__link\" href=\"https:\/\/kineosteo-stlys.com\/index.php\/contact\/\">Prendre RDV<\/a><\/div>\n<\/div>\n<\/div><\/div>\n\n\n\n<div style=\"height:80px\" aria-hidden=\"true\" class=\"wp-block-spacer\"><\/div>\n\n\n\n<div style=\"height:80px\" aria-hidden=\"true\" class=\"wp-block-spacer\"><\/div>\n","protected":false},"excerpt":{"rendered":"<p>Cabinet de Kin\u00e9sith\u00e9rapie et Ost\u00e9opathie Arnaud, Paul et Victor vous accueillent au cabinet du lundi au vendredi de 8h \u00e0 12h30 et de 13h30 \u00e0 19h30 Prise de RDV par t\u00e9l\u00e9phone au 05 62 14 17 62 Le plateau de r\u00e9\u00e9ducation Plateau lumineux et bien \u00e9quip\u00e9<\/p>\n","protected":false},"author":1,"featured_media":0,"parent":0,"menu_order":0,"comment_status":"closed","ping_status":"closed","template":"","meta":{"om_disable_all_campaigns":false,"_monsterinsights_skip_tracking":false,"_monsterinsights_sitenote_active":false,"_monsterinsights_sitenote_note":"","_monsterinsights_sitenote_category":0,"neve_meta_sidebar":"","neve_meta_container":"","neve_meta_enable_content_width":"on","neve_meta_content_width":100,"neve_meta_title_alignment":"","neve_meta_author_avatar":"","neve_post_elements_order":"","neve_meta_disable_header":"","neve_meta_disable_footer":"","neve_meta_disable_title":"on","_ti_tpc_template_sync":false,"_ti_tpc_template_id":""},"aioseo_notices":[],"_links":{"self":[{"href":"https:\/\/kineosteo-stlys.com\/index.php\/wp-json\/wp\/v2\/pages\/8"}],"collection":[{"href":"https:\/\/kineosteo-stlys.com\/index.php\/wp-json\/wp\/v2\/pages"}],"about":[{"href":"https:\/\/kineosteo-stlys.com\/index.php\/wp-json\/wp\/v2\/types\/page"}],"author":[{"embeddable":true,"href":"https:\/\/kineosteo-stlys.com\/index.php\/wp-json\/wp\/v2\/users\/1"}],"replies":[{"embeddable":true,"href":"https:\/\/kineosteo-stlys.com\/index.php\/wp-json\/wp\/v2\/comments?post=8"}],"version-history":[{"count":30,"href":"https:\/\/kineosteo-stlys.com\/index.php\/wp-json\/wp\/v2\/pages\/8\/revisions"}],"predecessor-version":[{"id":217,"href":"https:\/\/kineosteo-stlys.com\/index.php\/wp-json\/wp\/v2\/pages\/8\/revisions\/217"}],"wp:attachment":[{"href":"https:\/\/kineosteo-stlys.com\/index.php\/wp-json\/wp\/v2\/media?parent=8"}],"curies":[{"name":"wp","href":"https:\/\/api.w.org\/{rel}","templated":true}]}}